
Is 18301 prime?
True
Is 718897 composite?
False
Is 563 a prime number?
True
Is 6671 a composite number?
True
Is 43765 a prime number?
False
Is 138121 a prime number?
False
Is 1389499 composite?
True
Is 11411 composite?
False
Is 42277 a prime number?
False
Is 4699 a composite number?
True
Is 26303 a composite number?
True
Is 123339 prime?
False
Is 238841 prime?
True
Is 192091 a composite number?
False
Is 13309 a composite number?
False
Is 14683 a prime number?
True
Is 29857 a composite number?
True
Is 3491 prime?
True
Is 455363 a prime number?
False
Is 579299 composite?
True
Is 1418 prime?
False
Is 43093 prime?
True
Is 764869 a prime number?
False
Is 527771 a prime number?
False
Is 693491 a composite number?
True
Is 543637 a prime number?
True
Is 82627 prime?
False
Is 21302 prime?
False
Is 14873 composite?
True
Is 11969 a composite number?
False
Is 67591 a prime number?
False
Is 10495 a composite number?
True
Is 44537 composite?
False
Is 83831 a composite number?
True
Is 134099 a composite number?
True
Is 32831 prime?
True
Is 72139 a prime number?
True
Is 361211 prime?
True
Is 829113 composite?
True
Is 14701 prime?
False
Is 55694 a composite number?
True
Is 181397 prime?
True
Is 46337 prime?
True
Is 1556705 composite?
True
Is 14417 composite?
True
Is 3976319 a composite number?
False
Is 426359 composite?
True
Is 3862 a composite number?
True
Is 1379 prime?
False
Is 205 composite?
True
Is 1893965 a composite number?
True
Is 36773 prime?
False
Is 8929 a composite number?
False
Is 16457 a prime number?
False
Is 22299 prime?
False
Is 297637 composite?
True
Is 25007 a prime number?
False
Is 2459617 composite?
False
Is 215945 prime?
False
Is 7393 prime?
True
Is 103109 prime?
False
Is 3821 composite?
False
Is 898 prime?
False
Is 2333 prime?
True
Is 850897 a prime number?
True
Is 311653 composite?
False
Is 1278183 composite?
True
Is 36991 prime?
False
Is 57781 composite?
False
Is 28211 composite?
False
Is 5257 a prime number?
False
Is 32369 composite?
False
Is 742151 prime?
True
Is 123463 prime?
False
Is 36789 composite?
True
Is 33717 composite?
True
Is 5539 a prime number?
False
Is 526 prime?
False
Is 342187 a prime number?
True
Is 219017 a composite number?
False
Is 33101 composite?
True
Is 338491 a composite number?
True
Is 13829 prime?
True
Is 20177 a composite number?
False
Is 691097 prime?
False
Is 355669 a prime number?
True
Is 112687 composite?
False
Is 2041 a composite number?
True
Is 2291 prime?
False
Is 1025741 composite?
False
Is 273997 composite?
False
Is 2779 a composite number?
True
Is 8309 a composite number?
True
Is 213685 a composite number?
True
Is 14189 a prime number?
False
Is 419173 prime?
False
Is 6209 composite?
True
Is 16319 prime?
True
Is 2291 prime?
False
Is 111337 prime?
True
Is 14167 prime?
False
Is 244679 a prime number?
False
Is 29983 a prime number?
True
Is 87613 composite?
False
Is 30547 a composite number?
True
Is 4193 composite?
True
Is 69 a prime number?
False
Is 972721 composite?
False
Is 88679 a prime number?
False
Is 80335 prime?
False
Is 33107 a composite number?
False
Is 238382 prime?
False
Is 13859 a prime number?
True
Is 1775171 a prime number?
True
Is 12853 prime?
True
Is 1042391 a prime number?
False
Is 10839 a prime number?
False
Is 510919 a prime number?
True
Is 15833 composite?
True
Is 135611 prime?
False
Is 319951 composite?
True
Is 48071 composite?
True
Is 25939 a composite number?
False
Is 1432423 prime?
True
Is 6015095 prime?
False
Is 5305 prime?
False
Is 17093 a composite number?
False
Is 10813 prime?
False
Is 30337 a prime number?
False
Is 13249 prime?
True
Is 902651 composite?
True
Is 5287 prime?
False
Is 4201 a prime number?
True
Is 259933 a prime number?
True
Is 23059 a prime number?
True
Is 180473 prime?
True
Is 336521 a prime number?
True
Is 7981 a prime number?
False
Is 513433 a composite number?
True
Is 11359 a prime number?
False
Is 19621 composite?
True
Is 12323 prime?
True
Is 24317 a prime number?
True
Is 37703 prime?
False
Is 110527 a composite number?
False
Is 6689 a prime number?
True
Is 7463 a prime number?
False
Is 24943 composite?
False
Is 203713 a composite number?
False
Is 20161 a composite number?
False
Is 2633 a composite number?
False
Is 9476171 a composite number?
False
Is 40193 composite?
False
Is 357047 composite?
False
Is 11369 a prime number?
True
Is 2193661 composite?
False
Is 506458 prime?
False
Is 1251571 prime?
True
Is 227389 composite?
True
Is 305269 prime?
False
Is 1486643 composite?
True
Is 1384087 composite?
False
Is 3395131 prime?
True
Is 528373 composite?
False
Is 1543 composite?
False
Is 1174 prime?
False
Is 2741 composite?
False
Is 5053 prime?
False
Is 1537 composite?
True
Is 309443 a prime number?
False
Is 25337 prime?
False
Is 840439 a prime number?
True
Is 204857 prime?
True
Is 318103 prime?
True
Is 5351 composite?
False
Is 2927 a composite number?
False
Is 303361 composite?
False
Is 22381 a composite number?
False
Is 18731 a prime number?
True
Is 457547 prime?
True
Is 593 composite?
False
Is 2099 composite?
False
Is 10783 a prime number?
False
Is 91 a prime number?
False
Is 422903 a prime number?
False
Is 9311 composite?
False
Is 96113 a composite number?
True
Is 299 composite?
True
Is 1017539 prime?
True
Is 4417 a composite number?
True
Is 4151 composite?
True
Is 5939 a prime number?
True
Is 9661 composite?
False
Is 2383291 prime?
True
Is 1597 a prime number?
True
Is 93601 prime?
True
Is 586331 prime?
False
Is 1803 composite?
True
Is 153839 prime?
False
Is 330329 a composite number?
False
Is 1708869 composite?
True
Is 15869 prime?
False
Is 2003 a prime number?
True
Is 207797 prime?
True
Is 221297 a prime number?
False
Is 23927 prime?
False
Is 867001 a composite number?
False
Is 224683 prime?
True
Is 821 composite?
False
Is 29411 prime?
True
Is 67243 prime?
False
Is 253703 composite?
False
Is 34851 a prime number?
False
Is 3364529 a composite number?
True
Is 34351 a prime number?
True
Is 143893 composite?
True
Is 107641 a prime number?
True
Is 12601 prime?
True
Is 604391 a composite number?
True
Is 18013 a prime number?
True
Is 6113 a prime number?
True
Is 70607 a composite number?
False
Is 2813 a composite number?
True
Is 151861 prime?
False
Is 17455 composite?
True
Is 30223 a composite number?
False
Is 40571 a prime number?
False
Is 125747 prime?
False
Is 1543 a composite number?
False
Is 1057141 prime?
False
Is 8458 prime?
False
Is 3263 a prime number?
False
Is 1266097 prime?
False
Is 60683 composite?
True
Is 2324551 a prime number?
True
Is 9029 composite?
False
Is 37207 composite?
True
Is 37577 prime?
False
Is 2047 a prime number?
False
Is 6637 a composite number?
False
Is 8251 a prime number?
False
Is 691 a prime number?
True
Is 1489789 a prime number?
False
Is 118315 prime?
False
Is 56841 a prime number?
False
Is 194311 a composite number?
True
Is 1477 prime?
False
Is 23419 prime?
False
Is 55907 prime?
False
Is 259151 a composite number?
False
Is 39965 a composite number?
True
Is 871957 composite?
False
Is 9859 composite?
False
Is 123763 composite?
True
Is 23321 a composite number?
False
Is 316993 a prime number?
False
Is 51713 a prime number?
True
Is 3299 composite?
False
Is 1644143 a composite number?
False
Is 102433 a prime number?
True
Is 255653 composite?
False
Is 7851 prime?
False
Is 1403221 a composite number?
True
Is 203649 a composite number?
True
Is 295039 composite?
False
Is 39499 composite?
False
Is 647779 a prime number?
False
Is 109493 a prime number?
False
Is 21961 composite?
False
Is 9923 a prime number?
True
Is 2910007 a composite number?
False
Is 14959 composite?
True
Is 31919 a prime number?
False
Is 64487 prime?
False
Is 47935 composite?
True
Is 87 a prime number?
False
Is 4487 prime?
False
Is 33043 composite?
True
Is 75269 a composite number?
False
Is 184883 prime?
False
Is 289319 a composite number?
False
Is 18181 a prime number?
True
Is 2183 composite?
True
Is 137633 prime?
True
Is 29383 a prime number?
True
Is 150515 prime?
False
Is 36433 composite?
False
Is 1662697 prime?
True
Is 4187 prime?
False
Is 47555 prime?
False
Is 1021517 a composite number?
True
Is 1535 a composite number?
True
Is 1259393 a prime number?
True
Is 94081 composite?
True
Is 1610119 a composite number?
True
Is 2633 composite?
False
Is 92539 prime?
Fal